{"id":4915,"date":"2018-03-21T12:36:45","date_gmt":"2018-03-21T11:36:45","guid":{"rendered":"http:\/\/new.sauterconsulting.com\/?page_id=4915"},"modified":"2021-02-22T21:53:07","modified_gmt":"2021-02-22T20:53:07","slug":"4915-2","status":"publish","type":"page","link":"https:\/\/www.sauterconsulting.com\/","title":{"rendered":"SC Home"},"content":{"rendered":"<p>[vc_row content_placement=&#8220;middle&#8220; type=&#8220;full_width_background&#8220; bg_image=&#8220;4933&#8243; bg_position=&#8220;center center&#8220; overlay=&#8220;true&#8220; overlay_color=&#8220;rgba(114,114,114,0.6)&#8220; arrow_top=&#8220;1&#8243; class=&#8220;header&#8220;][vc_column][vc_empty_space height=&#8220;180px&#8220;][vc_empty_space height=&#8220;60px&#8220;][block_title title=&#8220;SAUTER&#8220; upper_title=&#8220;Consulting Services&#8220;][\/block_title][vc_empty_space height=&#8220;60px&#8220;][vc_empty_space height=&#8220;60px&#8220;][\/vc_column][\/vc_row][vc_row type=&#8220;full_width_content&#8220; el_id=&#8220;aboutus&#8220;][vc_column column_padding=&#8220;5%&#8220; background_color=&#8220;#f5f5f5&#8243; css=&#8220;.vc_custom_1518599775193{padding-top: 100px !important;padding-left: 100px !important;}&#8220;][block_title inner_style_title=&#8220;only_text&#8220; title=&#8220;Website is being updated\u2026&#8220;]Please, do not hesitate to contact us, at any of your questions or requests:<\/p>\n<p><strong>Sauter Consulting Services spol. s r.o.<\/strong><br \/>\n<strong>Mal\u00e1 \u0160t\u011bp\u00e1nsk\u00e1 542\/14<\/strong><br \/>\n<strong>120 00 Prague 2\u00a0&#8211; New Town<\/strong><br \/>\n<strong>Czech Republic<\/strong><\/p>\n<p><strong>T: +420\u00a0224\u00a0210\u00a0062<\/strong><br \/>\n<strong><a href=\"mailto:info@sauterconsulting.cz\">info@sauterconsulting.cz<\/a><\/strong>[\/block_title][separator width=&#8220;120px&#8220; height=&#8220;2px&#8220; position=&#8220;center&#8220; color=&#8220;#0429d1&#8243;][vc_empty_space height=&#8220;60px&#8220;][\/vc_column][\/vc_row][vc_row type=&#8220;full_width_content&#8220; bg_color=&#8220;#ffffff&#8220; overlay=&#8220;true&#8220; overlay_color=&#8220;#ffffff&#8220; top_padding=&#8220;100&#8243; bottom_padding=&#8220;100&#8243; el_id=&#8220;services&#8220;][vc_column width=&#8220;1\/4&#8243; css=&#8220;.vc_custom_1518599501306{padding-left: 5% !important;}&#8220;][media animation=&#8220;none&#8220; shadow=&#8220;no&#8220; image=&#8220;12&#8243;][\/vc_column][vc_column width=&#8220;3\/4&#8243; column_padding=&#8220;5%&#8220; css=&#8220;.vc_custom_1518599442718{padding-top: 20px !important;padding-left: 50px !important;}&#8220;][block_title style=&#8220;column_title&#8220; inner_style=&#8220;inline_border_circle&#8220; title=&#8220;Joachim Sauter&#8220; second_title=&#8220;Managing Partner, CEE, Prague &#8222;][\/block_title][vc_column_text]Joachim Sauter is an accomplished manager with wide scope of operational experience in sales and operation of various industries. Joachim has a solid Automotive Background with running and restructuring a Tier 2 Automotive supplier as General Manager in the Czech Republic.<\/p>\n<p>He has over 20 years comprehensive executive search experience in Senior Management Roles within the CEE region. He advices large multinational companies as well as international operating medium sized companies in terms of growth and business impact.<\/p>\n<p><strong>Business Expertise:<\/strong><\/p>\n<ul>\n<li>Built up of Green &amp; Brownfield operations<\/li>\n<li>Restructuring of operations<\/li>\n<li>Expanding and developing of operations<\/li>\n<\/ul>\n<p>Joachim holds a Dipl. Betriebswirt from the Fachhochschule in Wuerzburg, Germany; a Diploma in Management Studies from the Portsmouth Polytechnic, UK; and an MBA from the Ecole des Affaires de Europeane, Paris, France. He is also a certified Management Trainer &amp; Coach, fluent in English, German and with a dignified Czech.[\/vc_column_text][\/vc_column][\/vc_row]<\/p>\n","protected":false},"excerpt":{"rendered":"<p>[vc_row content_placement=&#8220;middle&#8220; type=&#8220;full_width_background&#8220; bg_image=&#8220;4933&#8243; bg_position=&#8220;center center&#8220; overlay=&#8220;true&#8220; overlay_color=&#8220;rgba(114,114,114,0.6)&#8220; arrow_top=&#8220;1&#8243; class=&#8220;header&#8220;][vc_column][vc_empty_space height=&#8220;180px&#8220;][vc_empty_space height=&#8220;60px&#8220;][block_title title=&#8220;SAUTER&#8220; upper_title=&#8220;Consulting Services&#8220;][\/block_title][vc_empty_space height=&#8220;60px&#8220;][vc_empty_space height=&#8220;60px&#8220;][\/vc_column][\/vc_row][vc_row type=&#8220;full_width_content&#8220; el_id=&#8220;aboutus&#8220;][vc_column column_padding=&#8220;5%&#8220; background_color=&#8220;#f5f5f5&#8243; css=&#8220;.vc_custom_1518599775193{padding-top: 100px !important;padding-left: 100px !important;}&#8220;][block_title inner_style_title=&#8220;only_text&#8220; title=&#8220;Website is being updated\u2026&#8220;]Please, do not hesitate to contact us, at any of your questions or requests: Sauter Consulting Services spol. s r.o. Mal\u00e1 \u0160t\u011bp\u00e1nsk\u00e1 542\/14 120 00 [&hellip;]<\/p>\n","protected":false},"author":1,"featured_media":0,"parent":0,"menu_order":0,"comment_status":"closed","ping_status":"closed","template":"","meta":[],"_links":{"self":[{"href":"https:\/\/www.sauterconsulting.com\/index.php?rest_route=\/wp\/v2\/pages\/4915"}],"collection":[{"href":"https:\/\/www.sauterconsulting.com\/index.php?rest_route=\/wp\/v2\/pages"}],"about":[{"href":"https:\/\/www.sauterconsulting.com\/index.php?rest_route=\/wp\/v2\/types\/page"}],"author":[{"embeddable":true,"href":"https:\/\/www.sauterconsulting.com\/index.php?rest_route=\/wp\/v2\/users\/1"}],"replies":[{"embeddable":true,"href":"https:\/\/www.sauterconsulting.com\/index.php?rest_route=%2Fwp%2Fv2%2Fcomments&post=4915"}],"version-history":[{"count":28,"href":"https:\/\/www.sauterconsulting.com\/index.php?rest_route=\/wp\/v2\/pages\/4915\/revisions"}],"predecessor-version":[{"id":5022,"href":"https:\/\/www.sauterconsulting.com\/index.php?rest_route=\/wp\/v2\/pages\/4915\/revisions\/5022"}],"wp:attachment":[{"href":"https:\/\/www.sauterconsulting.com\/index.php?rest_route=%2Fwp%2Fv2%2Fmedia&parent=4915"}],"curies":[{"name":"wp","href":"https:\/\/api.w.org\/{rel}","templated":true}]}}